divided by 15?
13
Let q = 34 - 21. Calculate the remainder when 36 is divided by q.
10
Let m(q) = q**2 + q + 35. What is the remainder when m(0) is divided by 12?
11
Let j(n) = n**2 - n + 3. What is the remainder when 55 is divided by j(5)?
9
Let m(n) = n**3 + 6*n**2 + 4*n + 2. Let a be m(-5). Let j(h) = 2 - 5 + 3 + a*h. What is the remainder when 13 is divided by j(1)?
6
Suppose 12 = 5*x + 4*h - 13, 5*x = 5*h + 25. What is the remainder when 1 + 0 + (2 - (-12)/2) is divided by x?
4
Let i(q) = q**3 - 3*q**2 + q - 1. Calculate the remainder when i(4) is divided by -3 - -4 - -2 - -4.
5
Suppose 36*s = 29*s + 126. What is the remainder when 195 is divided by s?
15
Let v(x) = 4*x - 7. Calculate the remainder when 38 is divided by v(5).
12
Let j(p) = p**2 + p + 3. Let l be j(0). Let u = l + -7. Let y = 5 - u. Calculate the remainder when 25 is divided by y.
7
Let w be 3/(-15) + 66/5. Let x = w + -9. What is the remainder when 5 is divided by x?
1
Suppose -2*c + 6*c = 116. Calculate the remainder when c is divided by 10.
9
Suppose 4*x - k = 16, -3*x - k = -x - 14. Suppose -u - x*a + 0 - 1 = 0, 4*u - 96 = 5*a. What is the remainder when 73 is divided by u?
16
Suppose q = r, 5*q + r = -0*r + 24. Let h(a) = a**2 - 3*a - 1. Let z be h(q). Suppose u - z = -1. Calculate the remainder when u is divided by 2.
0
Suppose 3 + 9 = 3*w. Suppose -3*d - 47 = -w*b, -4*b - 5*d = -9 + 2. What is the remainder when 31 is divided by b?
7
Let s(v) = -v + 20. What is the remainder when 23 is divided by s(14)?
5
What is the remainder when 206/4 + (4/(-8) - -1) is divided by 18?
16
Let g(z) = z**3 - 4*z**2 + 4*z + 1. What is the remainder when 17 is divided by g(3)?
1
Let i(p) = -p**3 + 3*p**2. Let b be (-15)/(-10) + 2/4. Let f(d) = d**2 - 7*d + 3. What is the remainder when i(b) is divided by f(7)?
1
Let o be 3 - 1 - 12/2. Let j(a) be the second derivative of -a**3/3 + a**2 + 2*a. What is the remainder when 18 is divided by j(o)?
8
Suppose 13*p = 10*p + 33. Calculate the remainder when 20 is divided by p.
9
Let y = -21 + 32. Calculate the remainder when 75 is divided by y.
9
Let z be 2/7 + 94/14. Suppose -d - s = -z, 0 = 5*d - 2*s - 44 - 19. Calculate the remainder when d is divided by ((-6)/(-4))/(1/4).
5
Suppose -2 - 46 = -3*g. Let b = 9 - -20. Calculate the remainder when b is divided by g.
13
Let y = 27 - 14. Suppose -2*o = -c + 2*c - y, c = 3*o - 12. What is the remainder when o is divided by 3?
2
Suppose 5*c - 45 = 10. Suppose 40 = 3*g - c. What is the remainder when 31 is divided by g?
14
Suppose y = 9 - 0. Let s = 20 + y. Calculate the remainder when s is divided by 10.
9
Suppose 37 = -3*d + g, 0*g - 50 = 4*d - 2*g. Let l = -3 - d. Calculate the remainder when 15 is divided by l.
6
Let d = 103 - 76. Calculate the remainder when 80 is divided by d.
26
Let t(m) = -2*m - 1. Let y be t(-1). Let a be -3 + 6 - y/(-1). Suppose -w - 3*u = -8*u - 38, a*w - 72 = 4*u. What is the remainder when w is divided by 8?
5
Suppose 0 = 4*i - 3*k - 64, 4*k + 4 = i + 1. What is the remainder when i is divided by 13?
6
Let p(s) = -24*s - 1. What is the remainder when 90 is divided by p(-1)?
21
Suppose 8 = -3*c + 128. Calculate the remainder when c is divided by 21.
19
Suppose 7 = -4*q + 2*m - 5, 4 = 2*m. What is the remainder when 2 + 1 - 2 - -17 is divided by (-8 - 2/1)/q?
3
Let z(b) = 2*b**2 - 4*b + 7. Let n be z(4). Let k = -15 + n. What is the remainder when k is divided by 5?
3
Suppose -28 = -3*m + m - 5*o, 5*m = -3*o + 108. What is the remainder when m is divided by 13?
11
Suppose 3*c - 105 = 30. Calculate the remainder when c is divided by 12.
9
Let v = -76 - -107. Let l(d) = 4*d - 7. Calculate the remainder when v is divided by l(6).
14
Let a(s) = s**2 - 3*s - 8. Let c be a(6). Suppose 0 = -7*m + c*m - 183. What is the remainder when m is divided by 16?
13
Calculate the remainder when 8/(-16) + (-166)/(-4) is divided by 11.
8
Let t = 6 - -4. Suppose 5*f - 286 = -101. What is the remainder when f is divided by t?
7
What is the remainder when 8 is divided by (-2 - (-3)/2)*-4?
0
Let j(v) be the third derivative of -v**4/8 - 3*v**2. Calculate the remainder when 9 is divided by j(-2).
3
Let w(a) = 0 - 4*a + a + 3*a**2 + 4. Let n be w(3). What is the remainder when 27 is divided by -1 - (-3)/6*n?
7
Suppose 23 = -u + 2*u. What is the remainder when 45 is divided by u?
22
What is the remainder when 30 is divided by (-6)/(-21) - 220/(-14)?
14
Calculate the remainder when 319 is divided by (2844/8)/9 + 2/4.
39
Let v = 21 - 0. Calculate the remainder when v is divided by 12.
9
Let c(u) = -4*u + 5. Suppose h - 4*y - 55 = 0, -7*h + 3*h - 2*y + 148 = 0. What is the remainder when h is divided by c(-4)?
18
Let y = 4 + -4. Let h = y + 6. What is the remainder when 5 is divided by 2*3*3/h?
2
Suppose 1 = 2*l - 3. Suppose 58 = -0*i + l*i. Calculate the remainder when i is divided by 16.
13
Let t = 0 + 8. Suppose -24 = -4*l - t. Let h = 2 + l. What is the remainder when 21 is divided by h?
3
Suppose 813 = 7*y - 321. Calculate the remainder when y is divided by 28.
22
Let n = 15 - 11. What is the remainder when 6 is divided by n?
2
Let f = 40 + -20. Let w = -15 + f. Calculate the remainder when 12 is divided by w.
2
Let y(s) = 15*s - 22. What is the remainder when y(2) is divided by 3?
2
Suppose -2*x + 266 = 2*p, 0 = -4*x + 4*p - 0*p + 564. What is the remainder when x is divided by 35?
32
Suppose 38 = u + u + 5*l, -22 = -2*u + 3*l. What is the remainder when 24 is divided by u?
10
Let d(i) = 8*i - 6. Calculate the remainder when d(5) is divided by ((-3)/(-6))/((-5)/(-70)).
6
Let y(g) = g**3 + 10*g**2 - 2*g - 15. Suppose 0 = 4*r - v + 3*v - 46, -4*v + 44 = 4*r. What is the remainder when r is divided by y(-10)?
2
Suppose 4*j + j = -4*d + 42, 3*j = 2*d + 34. Let i be (-7)/(-35) + 156/(-5). Let q = j - i. What is the remainder when q is divided by 11?
8
Suppose 5*m - 24 = -4*y, -2*m + 2*y + 3 + 3 = 0. Calculate the remainder when 11 is divided by m.
3
Let n = 83 - -15. Suppose -v + n = v. What is the remainder when v is divided by 17?
15
Suppose 3*q + 330 = 8*q. What is the remainder when q is divided by 18?
12
Let a be (-2)/(-9) - 16/(-9). Suppose -9 + 3 = -a*t. Let b = 8 - 4. Calculate the remainder when b is divided by t.
1
What is the remainder when 11 is divided by (-26)/(-91) + 19/7?
2
Let c be (-4)/(-14) + 4/(-14). Suppose c*o + 44 = 2*o. Let a = 20 + -12. Calculate the remainder when o is divided by a.
6
Suppose 2*z + 2*z + 15 = -n, 35 = 3*n - 4*z. Suppose 3*h = n*h - 70. What is the remainder when h is divided by 18?
17
Let w = 6 + -4. Suppose a = -w*y + 46, -y = -10*a + 5*a + 230. Let h(z) = -z + 30. What is the remainder when a is divided by h(14)?
14
Calculate the remainder when 38 is divided by (4/6)/(7/105).
8
Let f be -29*-2*2/4. Suppose -f = -i - 10. What is the remainder when i is divided by 10?
9
Let u(r) = r + 34. Let k(j) = -j**2 - 9*j - 8. Calculate the remainder when u(0) is divided by k(-4).
10
Let h be 2 - (-1 - (-2 + 0)). What is the remainder when 38 is divided by 18/2 - (-2 + h)?
8
Let k be 5 + (0 - -1)*-2. Suppose -p + 0 = -6. What is the remainder when 12 is divided by 14/(p/k + 0)?
5
Suppose -f + 40 = -3*v, -2*f - 4*v + 56 = -2*v. Suppose 2*p - 6 = 10. Calculate the remainder when f is divided by p.
7
Let z(l) = 5*l + 1. Let v = 3 - -1. Suppose 4*o = 3*m - 4*m + 181, -v*o = -m - 187. Calculate the remainder when o is divided by z(3).
14
Suppose -3*v - 6*r = -3*r - 21, 3*v + r = 31. Suppose 5*y = 4*q - 13 - 5, 2*y + v = 4*q. Suppose -q*s = -7*s + 15. What is the remainder when 4 is divided by s?
1
Suppose 2*r - 29 + 9 = 0. Suppose -1 = 3*v - 19. Calculate the remainder when r is divided by v.
4
Suppose 3*f - 2*i - 199 = 0, -2*f + 2*i = -3*f + 53. Calculate the remainder when f is divided by 16.
15
Suppose 0 - 4 = -2*s. Calculate the remainder when (-51)/(-2) + (-1)/s is divided by 7.
4
Suppose 0 = 3*f + 2*f - 45. Let w = f + -2. Let g = w + -3. What is the remainder when g is divided by 2?
0
Let y = 10 - 3. What is the remainder when 11 is divided by y?
4
Suppose 4*i - 27 = 9. Let p = -22 - -33. What is the remainder when i is divided by (-53)/(-11) + 2/p?
4
Let i(u) = -u**3 + 6*u**2 + 10*u - 1. Let y be i(7). Suppose -60 = -2*c - 5*p - 22, 4*p = 4*c - y. Let h = -5 + 